{"id":6919,"date":"2026-04-12T21:56:50","date_gmt":"2026-04-12T19:56:50","guid":{"rendered":"https:\/\/www.an-na-design.com\/webseite\/?post_type=product&#038;p=6919"},"modified":"2026-04-12T22:02:39","modified_gmt":"2026-04-12T20:02:39","slug":"kombi-angebot-fuer-wanddesign-nr-25","status":"publish","type":"product","link":"https:\/\/www.an-na-design.com\/webseite\/produkt\/kombi-angebot-fuer-wanddesign-nr-25\/","title":{"rendered":"Kombi-Angebot f\u00fcr Wanddesign Nr. 25"},"content":{"rendered":"<p>Angebot: 2er Kombination als Serie.<\/p>\n<p><strong>Bei dem Kauf der beiden Drucke als Serie sparen Sie 15% gegen\u00fcber den Einzelpreisen.<\/strong><\/p>\n<p>Auch f\u00fcr dieses Angebot der 2er Serien werden verschiedene Gr\u00f6\u00dfen angeboten. Die Ma\u00dfe gelten jeweils f\u00fcr ein Bild:<\/p>\n<ul>\n<li>40 x 40 cm<\/li>\n<li>50 x 50 cm<\/li>\n<li>60 x 60 cm<\/li>\n<\/ul>\n<p>F\u00fcr alle Gr\u00f6\u00dfen gilt: Die Rahmenkanten (2 cm Tiefe) sind ebenfalls mit dem Bildmotiv bedruckt.<\/p>\n<p>&nbsp;<\/p>\n<p><strong>Produktinformation:<\/strong><\/p>\n<ul>\n<li>2er Pack, bestehend aus 2 quadratischen Wanddesign-Drucken auf Leinwand<\/li>\n<li>Motive 25-1 und 25-2 werden zusammen geliefert<\/li>\n<li>Druck und Herstellung in Deutschland<\/li>\n<li>die Leinwand wird fertig konfektioniert geliefert<\/li>\n<li>randloser Digitaldruck<\/li>\n<li>lichtbest\u00e4ndige Farben<\/li>\n<li>umweltfreundlich, geruchsneutral<\/li>\n<li>der Keilrahmen besteht aus Fichtenholz (2 cm tief)<\/li>\n<li>die Leinwand besteht aus hochwertigem 360 g schweren Baumwollgewebe<\/li>\n<li>die Leinwand ist auf der R\u00fcckseite geklammert<\/li>\n<li>inkl. Zacken-Aufh\u00e4nger<\/li>\n<li>inkl. Spannkeilen aus Holz zum Nachspannen der Leinwand (vormontiert)<\/li>\n<\/ul>\n<p>&nbsp;<\/p>\n<p>Beispiele f\u00fcr weitere Zusammenstellungen von Wanddesign-Serien sowie f\u00fcr die Kombination von Wanddesign mit Kissen von AN-NA Design finden Sie hier:<\/p>\n<ul>\n<li><a href=\"https:\/\/www.an-na-design.com\/webseite\/get-the-look\/\">Get the Look!<\/a><\/li>\n<li><a href=\"https:\/\/www.an-na-design.com\/webseite\/wanddesign_der_kuenstlerin_anna_von_der_heiden\/\">Preview Wanddesign<\/a><\/li>\n<\/ul>\n<p>&nbsp;<\/p>\n<p>Hier finden Sie eine \u00dcbersicht \u00fcber passende Kissen von AN-NA Design:<\/p>\n<ul>\n<li><a href=\"https:\/\/www.an-na-design.com\/webseite\/produkt-kategorie\/alle-kissen\/\">AN-NA Design Kissen<\/a><\/li>\n<\/ul>\n<p>Die Wandkunst entstand als Malerei in Mischtechnik. Die K\u00fcnstlerin kombinierte Mal- und Drucktechniken. Als Material wurden Aquarell-, Gouache- und Acrylfarben sowie verschiedene Kreiden verwendet.<\/p>\n<p>Die Wanddesigns sind geeignet f\u00fcr private Wohnr\u00e4ume, aber auch f\u00fcr Arztpraxen, Hotels, Restaurants und B\u00fcros. Mehrere Bilder lassen sich sehr gut zu einer Serie kombinieren.<\/p>\n<p>Die Designs sind gesch\u00fctzt.<\/p>\n","protected":false},"excerpt":{"rendered":"<p>Angebot: 2er Kombination als Serie.<\/p>\n<p><strong>Bei dem Kauf der beiden Drucke als Serie sparen Sie 15% gegen\u00fcber den Einzelpreisen.<\/strong><\/p>\n<p>Farbenfrohe Wandkunst der K\u00fcnstlerin und Designerin Anna von der Heiden.<br \/>\nDie Bilder sind auf Leinwand gedruckt und werden auf einen stabilen Holz-Keilrahmen aufgezogen. Lieferung inklusive Aufh\u00e4nger.<br \/>\nBestellen \u2013 Auspacken \u2013 Aufh\u00e4ngen<\/p>\n","protected":false},"featured_media":6911,"template":"","meta":[],"product_brand":[],"product_cat":[271],"product_tag":[278,273],"class_list":{"0":"post-6919","1":"product","2":"type-product","3":"status-publish","4":"has-post-thumbnail","6":"product_cat-wand-design","7":"product_tag-leinwand","8":"product_tag-wanddesign","9":"product_shipping_class-versand_wand_design","11":"first","12":"instock","13":"taxable","14":"shipping-taxable","15":"purchasable","16":"product-type-variable"},"_links":{"self":[{"href":"https:\/\/www.an-na-design.com\/webseite\/wp-json\/wp\/v2\/product\/6919","targetHints":{"allow":["GET"]}}],"collection":[{"href":"https:\/\/www.an-na-design.com\/webseite\/wp-json\/wp\/v2\/product"}],"about":[{"href":"https:\/\/www.an-na-design.com\/webseite\/wp-json\/wp\/v2\/types\/product"}],"wp:featuredmedia":[{"embeddable":true,"href":"https:\/\/www.an-na-design.com\/webseite\/wp-json\/wp\/v2\/media\/6911"}],"wp:attachment":[{"href":"https:\/\/www.an-na-design.com\/webseite\/wp-json\/wp\/v2\/media?parent=6919"}],"wp:term":[{"taxonomy":"product_brand","embeddable":true,"href":"https:\/\/www.an-na-design.com\/webseite\/wp-json\/wp\/v2\/product_brand?post=6919"},{"taxonomy":"product_cat","embeddable":true,"href":"https:\/\/www.an-na-design.com\/webseite\/wp-json\/wp\/v2\/product_cat?post=6919"},{"taxonomy":"product_tag","embeddable":true,"href":"https:\/\/www.an-na-design.com\/webseite\/wp-json\/wp\/v2\/product_tag?post=6919"}],"curies":[{"name":"wp","href":"https:\/\/api.w.org\/{rel}","templated":true}]}}

Kombi-Angebot für Wanddesign Nr. 25

<p>Angebot: 2er Kombination als Serie.</p>
<p><strong>Bei dem Kauf der beiden Drucke als Serie sparen Sie 15% gegenüber den Einzelpreisen.</strong></p>
<p>Auch für dieses Angebot der 2er Serien werden verschiedene Größen angeboten. Die Maße gelten jeweils für ein Bild:</p>
<ul>
<li>40 x 40 cm</li>
<li>50 x 50 cm</li>
<li>60 x 60 cm</li>
</ul>
<p>Für alle Größen gilt: Die Rahmenkanten (2 cm Tiefe) sind ebenfalls mit dem Bildmotiv bedruckt.</p>
<p>&nbsp;</p>
<p><strong>Produktinformation:</strong></p>
<ul>
<li>2er Pack, bestehend aus 2 quadratischen Wanddesign-Drucken auf Leinwand</li>
<li>Motive 25-1 und 25-2 werden zusammen geliefert</li>
<li>Druck und Herstellung in Deutschland</li>
<li>die Leinwand wird fertig konfektioniert geliefert</li>
<li>randloser Digitaldruck</li>
<li>lichtbeständige Farben</li>
<li>umweltfreundlich, geruchsneutral</li>
<li>der Keilrahmen besteht aus Fichtenholz (2 cm tief)</li>
<li>die Leinwand besteht aus hochwertigem 360 g schweren Baumwollgewebe</li>
<li>die Leinwand ist auf der Rückseite geklammert</li>
<li>inkl. Zacken-Aufhänger</li>
<li>inkl. Spannkeilen aus Holz zum Nachspannen der Leinwand (vormontiert)</li>
</ul>
<p>&nbsp;</p>
<p>Beispiele für weitere Zusammenstellungen von Wanddesign-Serien sowie für die Kombination von Wanddesign mit Kissen von AN-NA Design finden Sie hier:</p>
<ul>
<li><a href="https://www.an-na-design.com/webseite/get-the-look/">Get the Look!</a></li>
<li><a href="https://www.an-na-design.com/webseite/wanddesign_der_kuenstlerin_anna_von_der_heiden/">Preview Wanddesign</a></li>
</ul>
<p>&nbsp;</p>
<p>Hier finden Sie eine Übersicht über passende Kissen von AN-NA Design:</p>
<ul>
<li><a href="https://www.an-na-design.com/webseite/produkt-kategorie/alle-kissen/">AN-NA Design Kissen</a></li>
</ul>
<p>Die Wandkunst entstand als Malerei in Mischtechnik. Die Künstlerin kombinierte Mal- und Drucktechniken. Als Material wurden Aquarell-, Gouache- und Acrylfarben sowie verschiedene Kreiden verwendet.</p>
<p>Die Wanddesigns sind geeignet für private Wohnräume, aber auch für Arztpraxen, Hotels, Restaurants und Büros. Mehrere Bilder lassen sich sehr gut zu einer Serie kombinieren.</p>
<p>Die Designs sind geschützt.</p>

<p>Angebot: 2er Kombination als Serie.</p>
<p><strong>Bei dem Kauf der beiden Drucke als Serie sparen Sie 15% gegenüber den Einzelpreisen.</strong></p>
<p>Farbenfrohe Wandkunst der Künstlerin und Designerin Anna von der Heiden.<br />
Die Bilder sind auf Leinwand gedruckt und werden auf einen stabilen Holz-Keilrahmen aufgezogen. Lieferung inklusive Aufhänger.<br />
Bestellen – Auspacken – Aufhängen</p>
