{"id":6913,"date":"2026-04-12T20:50:18","date_gmt":"2026-04-12T18:50:18","guid":{"rendered":"https:\/\/www.an-na-design.com\/webseite\/?post_type=product&#038;p=6913"},"modified":"2026-04-12T21:54:50","modified_gmt":"2026-04-12T19:54:50","slug":"wand-design-bild-25-2-quadratisches-format","status":"publish","type":"product","link":"https:\/\/www.an-na-design.com\/webseite\/produkt\/wand-design-bild-25-2-quadratisches-format\/","title":{"rendered":"Wand-Design, Bild 25-2, quadratisches Format"},"content":{"rendered":"<p>Farbenfrohe Wandkunst der K\u00fcnstlerin und Designerin Anna von der Heiden.<br \/>\nDas Bild ist auf Leinwand gedruckt und wurde auf einen stabilen Holz-Keilrahmen aufgezogen. Der Aufh\u00e4nger ist bereits fertig montiert.<\/p>\n<p>Dieses Bild kann mit dem Bild 25-1 als Serie kombiniert werden.<\/p>\n<p>Bestellen \u2013 Auspacken \u2013 Aufh\u00e4ngen<\/p>\n<p>F\u00fcr die quadratischen Bilder werden 3 Gr\u00f6\u00dfen angeboten:<\/p>\n<ul>\n<li>40 x 40 cm<\/li>\n<li>50 x 50 cm<\/li>\n<li>60 x 60 cm<\/li>\n<\/ul>\n<p>F\u00fcr alle Gr\u00f6\u00dfen gilt: Die Rahmenkanten (2 cm Tiefe) sind ebenfalls mit dem Bildmotiv bedruckt.<\/p>\n<p>Beispiele f\u00fcr eine Zusammenstellung von Wanddesign-Serien sowie f\u00fcr die Kombination von Wanddesign mit Kissen von AN-NA Design finden Sie hier:<\/p>\n<ul>\n<li><a href=\"https:\/\/www.an-na-design.com\/webseite\/get-the-look\/\">Get the Look!<\/a><\/li>\n<li><a href=\"https:\/\/www.an-na-design.com\/webseite\/wanddesign_der_kuenstlerin_anna_von_der_heiden\/\">Preview Wanddesign<\/a><\/li>\n<\/ul>\n<p>&nbsp;<\/p>\n<p>Hier finden Sie eine \u00dcbersicht \u00fcber passende Kissen von AN-NA Design:<\/p>\n<ul>\n<li><a href=\"https:\/\/www.an-na-design.com\/webseite\/produkt-kategorie\/alle-kissen\/\">AN-NA Design Kissen<\/a><\/li>\n<\/ul>\n<p>&nbsp;<\/p>\n<p><strong>Produktinformation:<\/strong><\/p>\n<ul>\n<li>Druck und Herstellung in Deutschland<\/li>\n<li>die Leinwand wird fertig konfektioniert geliefert<\/li>\n<li>randloser Digitaldruck<\/li>\n<li>lichtbest\u00e4ndige Farben<\/li>\n<li>umweltfreundlich, geruchsneutral<\/li>\n<li>der Keilrahmen besteht aus Fichtenholz (2 cm tief)<\/li>\n<li>die Leinwand besteht aus hochwertigem 360 g schweren Baumwollgewebe<\/li>\n<li>die Leinwand ist auf der R\u00fcckseite geklammert<\/li>\n<li>inkl. Zacken-Aufh\u00e4nger<\/li>\n<li>inkl. 8 Spannkeilen aus Holz zum Nachspannen der Leinwand (vormontiert)<\/li>\n<\/ul>\n<p>&nbsp;<\/p>\n<p>Die Wandkunst entstand als Malerei in Mischtechnik. Die K\u00fcnstlerin kombinierte Mal- und Drucktechniken. Als Material wurden Aquarell-, Gouache- und Acrylfarben sowie verschiedene Kreiden verwendet.<\/p>\n<p>Die Wanddesigns sind geeignet f\u00fcr private Wohnr\u00e4ume, aber auch f\u00fcr Arztpraxen, Hotels, Restaurants und B\u00fcros. Mehrere Bilder lassen sich sehr gut zu einer Serie kombinieren.<\/p>\n<p>Die Designs sind gesch\u00fctzt.<\/p>\n<p><strong>\u00a0<\/strong><\/p>\n<p><strong>\u00a0<\/strong><\/p>\n","protected":false},"excerpt":{"rendered":"<p>Farbenfroh: Wandkunst der K\u00fcnstlerin und Designerin Anna von der Heiden, hier ein quadratisches Format.<br \/>\nDas Bild ist auf Leinwand gedruckt und aufgezogen auf einen stabilen Holz-Keilrahmen.<br \/>\nDieses Bild kann mit dem Bild 25-1 als Serie kombiniert werden.<\/p>\n<p>Bestellen \u2013 Auspacken \u2013 Aufh\u00e4ngen<\/p>\n","protected":false},"featured_media":6912,"template":"","meta":[],"product_brand":[],"product_cat":[271],"product_tag":[278,273],"class_list":{"0":"post-6913","1":"product","2":"type-product","3":"status-publish","4":"has-post-thumbnail","6":"product_cat-wand-design","7":"product_tag-leinwand","8":"product_tag-wanddesign","9":"product_shipping_class-versand_wand_design","11":"first","12":"instock","13":"taxable","14":"shipping-taxable","15":"purchasable","16":"product-type-variable"},"_links":{"self":[{"href":"https:\/\/www.an-na-design.com\/webseite\/wp-json\/wp\/v2\/product\/6913","targetHints":{"allow":["GET"]}}],"collection":[{"href":"https:\/\/www.an-na-design.com\/webseite\/wp-json\/wp\/v2\/product"}],"about":[{"href":"https:\/\/www.an-na-design.com\/webseite\/wp-json\/wp\/v2\/types\/product"}],"wp:featuredmedia":[{"embeddable":true,"href":"https:\/\/www.an-na-design.com\/webseite\/wp-json\/wp\/v2\/media\/6912"}],"wp:attachment":[{"href":"https:\/\/www.an-na-design.com\/webseite\/wp-json\/wp\/v2\/media?parent=6913"}],"wp:term":[{"taxonomy":"product_brand","embeddable":true,"href":"https:\/\/www.an-na-design.com\/webseite\/wp-json\/wp\/v2\/product_brand?post=6913"},{"taxonomy":"product_cat","embeddable":true,"href":"https:\/\/www.an-na-design.com\/webseite\/wp-json\/wp\/v2\/product_cat?post=6913"},{"taxonomy":"product_tag","embeddable":true,"href":"https:\/\/www.an-na-design.com\/webseite\/wp-json\/wp\/v2\/product_tag?post=6913"}],"curies":[{"name":"wp","href":"https:\/\/api.w.org\/{rel}","templated":true}]}}

<p>Farbenfrohe Wandkunst der Künstlerin und Designerin Anna von der Heiden.<br />
Das Bild ist auf Leinwand gedruckt und wurde auf einen stabilen Holz-Keilrahmen aufgezogen. Der Aufhänger ist bereits fertig montiert.</p>
<p>Dieses Bild kann mit dem Bild 25-1 als Serie kombiniert werden.</p>
<p>Bestellen – Auspacken – Aufhängen</p>
<p>Für die quadratischen Bilder werden 3 Größen angeboten:</p>
<ul>
<li>40 x 40 cm</li>
<li>50 x 50 cm</li>
<li>60 x 60 cm</li>
</ul>
<p>Für alle Größen gilt: Die Rahmenkanten (2 cm Tiefe) sind ebenfalls mit dem Bildmotiv bedruckt.</p>
<p>Beispiele für eine Zusammenstellung von Wanddesign-Serien sowie für die Kombination von Wanddesign mit Kissen von AN-NA Design finden Sie hier:</p>
<ul>
<li><a href="https://www.an-na-design.com/webseite/get-the-look/">Get the Look!</a></li>
<li><a href="https://www.an-na-design.com/webseite/wanddesign_der_kuenstlerin_anna_von_der_heiden/">Preview Wanddesign</a></li>
</ul>
<p>&nbsp;</p>
<p>Hier finden Sie eine Übersicht über passende Kissen von AN-NA Design:</p>
<ul>
<li><a href="https://www.an-na-design.com/webseite/produkt-kategorie/alle-kissen/">AN-NA Design Kissen</a></li>
</ul>
<p>&nbsp;</p>
<p><strong>Produktinformation:</strong></p>
<ul>
<li>Druck und Herstellung in Deutschland</li>
<li>die Leinwand wird fertig konfektioniert geliefert</li>
<li>randloser Digitaldruck</li>
<li>lichtbeständige Farben</li>
<li>umweltfreundlich, geruchsneutral</li>
<li>der Keilrahmen besteht aus Fichtenholz (2 cm tief)</li>
<li>die Leinwand besteht aus hochwertigem 360 g schweren Baumwollgewebe</li>
<li>die Leinwand ist auf der Rückseite geklammert</li>
<li>inkl. Zacken-Aufhänger</li>
<li>inkl. 8 Spannkeilen aus Holz zum Nachspannen der Leinwand (vormontiert)</li>
</ul>
<p>&nbsp;</p>
<p>Die Wandkunst entstand als Malerei in Mischtechnik. Die Künstlerin kombinierte Mal- und Drucktechniken. Als Material wurden Aquarell-, Gouache- und Acrylfarben sowie verschiedene Kreiden verwendet.</p>
<p>Die Wanddesigns sind geeignet für private Wohnräume, aber auch für Arztpraxen, Hotels, Restaurants und Büros. Mehrere Bilder lassen sich sehr gut zu einer Serie kombinieren.</p>
<p>Die Designs sind geschützt.</p>
<p><strong> </strong></p>
<p><strong> </strong></p>

<p>Farbenfroh: Wandkunst der Künstlerin und Designerin Anna von der Heiden, hier ein quadratisches Format.<br />
Das Bild ist auf Leinwand gedruckt und aufgezogen auf einen stabilen Holz-Keilrahmen.<br />
Dieses Bild kann mit dem Bild 25-1 als Serie kombiniert werden.</p>
<p>Bestellen – Auspacken – Aufhängen</p>
